{"id":2,"date":"2024-12-11T09:05:12","date_gmt":"2024-12-11T09:05:12","guid":{"rendered":"https:\/\/nova.hrvatski-savate-savez.hr\/?page_id=2"},"modified":"2025-11-26T15:33:11","modified_gmt":"2025-11-26T15:33:11","slug":"naslovna-stranica","status":"publish","type":"page","link":"https:\/\/hrvatski-savate-savez.hr\/","title":{"rendered":"Naslovna stranica"},"content":{"rendered":"\t\t<div data-elementor-type=\"wp-page\" data-elementor-id=\"2\" class=\"elementor elementor-2\">\n\t\t\t\t<div class=\"elementor-element elementor-element-4df9406 e-flex e-con-boxed e-con e-parent\" data-id=\"4df9406\" data-element_type=\"container\" data-settings=\"{&quot;background_background&quot;:&quot;slideshow&quot;,&quot;background_slideshow_gallery&quot;:[{&quot;id&quot;:637,&quot;url&quot;:&quot;https:\\\/\\\/hrvatski-savate-savez.hr\\\/wp-content\\\/uploads\\\/2025\\\/10\\\/Izrezak.png&quot;},{&quot;id&quot;:638,&quot;url&quot;:&quot;https:\\\/\\\/hrvatski-savate-savez.hr\\\/wp-content\\\/uploads\\\/2025\\\/10\\\/8.png&quot;},{&quot;id&quot;:639,&quot;url&quot;:&quot;https:\\\/\\\/hrvatski-savate-savez.hr\\\/wp-content\\\/uploads\\\/2025\\\/10\\\/7.png&quot;},{&quot;id&quot;:640,&quot;url&quot;:&quot;https:\\\/\\\/hrvatski-savate-savez.hr\\\/wp-content\\\/uploads\\\/2025\\\/10\\\/6.png&quot;},{&quot;id&quot;:641,&quot;url&quot;:&quot;https:\\\/\\\/hrvatski-savate-savez.hr\\\/wp-content\\\/uploads\\\/2025\\\/10\\\/5.png&quot;},{&quot;id&quot;:642,&quot;url&quot;:&quot;https:\\\/\\\/hrvatski-savate-savez.hr\\\/wp-content\\\/uploads\\\/2025\\\/10\\\/4.png&quot;},{&quot;id&quot;:643,&quot;url&quot;:&quot;https:\\\/\\\/hrvatski-savate-savez.hr\\\/wp-content\\\/uploads\\\/2025\\\/10\\\/3.png&quot;},{&quot;id&quot;:644,&quot;url&quot;:&quot;https:\\\/\\\/hrvatski-savate-savez.hr\\\/wp-content\\\/uploads\\\/2025\\\/10\\\/2.png&quot;}],&quot;background_slideshow_loop&quot;:&quot;yes&quot;,&quot;background_slideshow_slide_duration&quot;:5000,&quot;background_slideshow_slide_transition&quot;:&quot;fade&quot;,&quot;background_slideshow_transition_duration&quot;:500}\">\n\t\t\t\t\t<div class=\"e-con-inner\">\n\t\t\t\t<div class=\"elementor-element elementor-element-a98a2e5 elementor-align-center elementor-widget elementor-widget-button\" data-id=\"a98a2e5\" data-element_type=\"widget\" data-widget_type=\"button.default\">\n\t\t\t\t<div class=\"elementor-widget-container\">\n\t\t\t\t\t\t\t\t\t<div class=\"elementor-button-wrapper\">\n\t\t\t\t\t<a class=\"elementor-button elementor-button-link elementor-size-sm\" href=\"https:\/\/hrvatski-savate-savez.hr\/?tribe_events=kalendar-natjecanja-2025%20\">\n\t\t\t\t\t\t<span class=\"elementor-button-content-wrapper\">\n\t\t\t\t\t\t\t\t\t<span class=\"elementor-button-text\">Kalendar natjecanja<\/span>\n\t\t\t\t\t<\/span>\n\t\t\t\t\t<\/a>\n\t\t\t\t<\/div>\n\t\t\t\t\t\t\t\t<\/div>\n\t\t\t\t<\/div>\n\t\t\t\t\t<\/div>\n\t\t\t\t<\/div>\n\t\t<div class=\"elementor-element elementor-element-14c278a e-flex e-con-boxed e-con e-parent\" data-id=\"14c278a\" data-element_type=\"container\">\n\t\t\t\t\t<div class=\"e-con-inner\">\n\t\t\t\t<div class=\"elementor-element elementor-element-af33c56 elementor-widget elementor-widget-text-editor\" data-id=\"af33c56\" data-element_type=\"widget\" data-widget_type=\"text-editor.default\">\n\t\t\t\t<div class=\"elementor-widget-container\">\n\t\t\t\t\t\t\t\t\t<div><div>Nakon kvalifikacija Svjetskog prvenstva koje je odr\u017eano od 02.-06.07.2025 u Bugarskoj, Plovdiv, na\u0161ih 6 reprezentativaca je izborilo finala\u00a0Svjetskog prvenstva.<\/div><\/div><div>\u00a0<\/div><p>03.10.2025. u Splitu, odr\u017eana su finala Svjetskog prvenstva u Combat savate-u, gdje se na\u0161ih 5 reprezentativaca okrunilo titulom Svjetskog prvaka.<\/p><div>\u00a0<\/div><div>&#8211; 52kg &#8211; LEE LALI\u0106 vs CHLOE NANDI &#8211; Francuska &#8211; POBJEDA<\/div><div>&#8211; 60kg &#8211; KATARINA KLARI\u0106 vs CHIARA VINCIS &#8211; Italija &#8211; POBJEDA<\/div><div>&#8211; 70kg &#8211; ANTONIJA ZEC vs MAIMARA LAWSON &#8211; Francuska &#8211; PORAZ<\/div><div>&#8211;\u00a0+75kg &#8211; LUCIJA BILOBRK vs VIVIANE DIRINGER &#8211; Francuska &#8211; POBJEDA<\/div><div>&#8211; 65kg &#8211; ROKO DO\u017dDOR vs ALLESANDRO\u00a0DETTROI\u00a0&#8211; Francuska &#8211; POBJEDA<\/div><div>&#8211; 70kg &#8211; PATRIK GR\u0110AN vs FARES GABSI &#8211; Tunis &#8211; POBJEDA<\/div><div>\u00a0<\/div><div>Ovo je po prvi puta da su se finala Svjetskog prvenstva odr\u017eala u Hrvatskoj te prvi puta da Hrvatska Combat reprezentacija ima toliki broj Svjetskih prvaka.<\/div><div>\u00a0<\/div><div>\u010cestitke svim na\u0161im reprezentativcima, \u010dlanovima stru\u010dnog tima te trenerima reprezentativaca na povijesnom uspjehu za Hrvatski savate savez.<\/div><div>\u00a0<\/div>\t\t\t\t\t\t\t\t<\/div>\n\t\t\t\t<\/div>\n\t\t\t\t\t<\/div>\n\t\t\t\t<\/div>\n\t\t<div class=\"elementor-element elementor-element-d90a6ea e-flex e-con-boxed e-con e-parent\" data-id=\"d90a6ea\" data-element_type=\"container\" data-settings=\"{&quot;background_background&quot;:&quot;classic&quot;}\">\n\t\t\t\t\t<div class=\"e-con-inner\">\n\t\t\t\t<div class=\"elementor-element elementor-element-7b16480 elementor-widget-divider--view-line elementor-widget elementor-widget-divider\" data-id=\"7b16480\" data-element_type=\"widget\" data-widget_type=\"divider.default\">\n\t\t\t\t<div class=\"elementor-widget-container\">\n\t\t\t\t\t\t\t<div class=\"elementor-divider\">\n\t\t\t<span class=\"elementor-divider-separator\">\n\t\t\t\t\t\t<\/span>\n\t\t<\/div>\n\t\t\t\t\t\t<\/div>\n\t\t\t\t<\/div>\n\t\t\t\t<div class=\"elementor-element elementor-element-d9e6637 elementor-widget elementor-widget-heading\" data-id=\"d9e6637\" data-element_type=\"widget\" data-widget_type=\"heading.default\">\n\t\t\t\t<div class=\"elementor-widget-container\">\n\t\t\t\t\t<h2 class=\"elementor-heading-title elementor-size-default\">\u010clan Svjetske savate federacije<\/h2>\t\t\t\t<\/div>\n\t\t\t\t<\/div>\n\t\t\t\t<div class=\"elementor-element elementor-element-52848e0 elementor-widget-divider--view-line elementor-widget elementor-widget-divider\" data-id=\"52848e0\" data-element_type=\"widget\" data-widget_type=\"divider.default\">\n\t\t\t\t<div class=\"elementor-widget-container\">\n\t\t\t\t\t\t\t<div class=\"elementor-divider\">\n\t\t\t<span class=\"elementor-divider-separator\">\n\t\t\t\t\t\t<\/span>\n\t\t<\/div>\n\t\t\t\t\t\t<\/div>\n\t\t\t\t<\/div>\n\t\t\t\t\t<\/div>\n\t\t\t\t<\/div>\n\t\t<div class=\"elementor-element elementor-element-a4e8da6 e-flex e-con-boxed e-con e-parent\" data-id=\"a4e8da6\" data-element_type=\"container\" data-settings=\"{&quot;background_background&quot;:&quot;gradient&quot;}\">\n\t\t\t\t\t<div class=\"e-con-inner\">\n\t\t<div class=\"elementor-element elementor-element-2fdaeea e-con-full e-flex e-con e-child\" data-id=\"2fdaeea\" data-element_type=\"container\">\n\t\t\t\t<div class=\"elementor-element elementor-element-b2f257d elementor-widget elementor-widget-heading\" data-id=\"b2f257d\" data-element_type=\"widget\" data-widget_type=\"heading.default\">\n\t\t\t\t<div class=\"elementor-widget-container\">\n\t\t\t\t\t<h2 class=\"elementor-heading-title elementor-size-default\">HRVATSKI SAVATE SAVEZ<\/h2>\t\t\t\t<\/div>\n\t\t\t\t<\/div>\n\t\t\t\t<div class=\"elementor-element elementor-element-743169b elementor-widget elementor-widget-text-editor\" data-id=\"743169b\" data-element_type=\"widget\" data-widget_type=\"text-editor.default\">\n\t\t\t\t<div class=\"elementor-widget-container\">\n\t\t\t\t\t\t\t\t\t<p>OIB:<strong>\u00a087878618161<\/strong><\/p><p>IBAN ra\u010duna:HR8223400091111131813<\/p><p>Ulica bra\u0107e Radi\u0107 1. odvojak 15,<br \/>10361 Sesvetski Kraljevec, Zagreb<\/p>\t\t\t\t\t\t\t\t<\/div>\n\t\t\t\t<\/div>\n\t\t\t\t<\/div>\n\t\t<div class=\"elementor-element elementor-element-2028e15 e-con-full e-flex e-con e-child\" data-id=\"2028e15\" data-element_type=\"container\">\n\t\t\t\t<div class=\"elementor-element elementor-element-f3ba92e elementor-widget elementor-widget-heading\" data-id=\"f3ba92e\" data-element_type=\"widget\" data-widget_type=\"heading.default\">\n\t\t\t\t<div class=\"elementor-widget-container\">\n\t\t\t\t\t<h2 class=\"elementor-heading-title elementor-size-default\">KONTAKT<\/h2>\t\t\t\t<\/div>\n\t\t\t\t<\/div>\n\t\t\t\t<div class=\"elementor-element elementor-element-d62afca elementor-widget elementor-widget-text-editor\" data-id=\"d62afca\" data-element_type=\"widget\" data-widget_type=\"text-editor.default\">\n\t\t\t\t<div class=\"elementor-widget-container\">\n\t\t\t\t\t\t\t\t\t<p>Predsjednik:\u00a0\u00a0<em>Predrag \u0160imunec<\/em>\u00a0:<a href=\"tel:+385959041044\">+385(0) 95\/904-1044<\/a><\/p><p>Tajnik:\u00a0<i>Josip Grui\u0107<\/i>\u00a0\u2013 <a href=\"tel:+385 95 815 0179\">+385 95 815 0179<\/a><\/p><p>Email:\u00a0<a href=\"mailto:croatiansavatefederation1@gmail.com\">croatiansavatefederation1@gmail.com<\/a><\/p>\t\t\t\t\t\t\t\t<\/div>\n\t\t\t\t<\/div>\n\t\t\t\t<\/div>\n\t\t<div class=\"elementor-element elementor-element-c1257d9 e-con-full e-flex e-con e-child\" data-id=\"c1257d9\" data-element_type=\"container\">\n\t\t\t\t<div class=\"elementor-element elementor-element-fd44127 elementor-widget elementor-widget-heading\" data-id=\"fd44127\" data-element_type=\"widget\" data-widget_type=\"heading.default\">\n\t\t\t\t<div class=\"elementor-widget-container\">\n\t\t\t\t\t<h2 class=\"elementor-heading-title elementor-size-default\">PREDSJEDNIK SUDA\u010cKE ORGANIZACIJE<\/h2>\t\t\t\t<\/div>\n\t\t\t\t<\/div>\n\t\t\t\t<div class=\"elementor-element elementor-element-173f455 elementor-widget elementor-widget-text-editor\" data-id=\"173f455\" data-element_type=\"widget\" data-widget_type=\"text-editor.default\">\n\t\t\t\t<div class=\"elementor-widget-container\">\n\t\t\t\t\t\t\t\t\t<p>Sudac:\u00a0<em>Hrvoje Veli\u0107<\/em><\/p><p>Kontakt:\u00a0<a href=\"tel:091\/722-6437\"><em>091\/722-6437<\/em><\/a><\/p><p>email:<a href=\"mailto:hrvoje.velic2211@gmail.com\">\u00a0<em>hrvoje.velic2211@gmail.com<\/em><\/a><\/p>\t\t\t\t\t\t\t\t<\/div>\n\t\t\t\t<\/div>\n\t\t\t\t<\/div>\n\t\t<div class=\"elementor-element elementor-element-6b54f91 e-con-full e-flex e-con e-child\" data-id=\"6b54f91\" data-element_type=\"container\">\n\t\t\t\t<div class=\"elementor-element elementor-element-2482d6d elementor-align-center elementor-widget elementor-widget-button\" data-id=\"2482d6d\" data-element_type=\"widget\" data-widget_type=\"button.default\">\n\t\t\t\t<div class=\"elementor-widget-container\">\n\t\t\t\t\t\t\t\t\t<div class=\"elementor-button-wrapper\">\n\t\t\t\t\t<a class=\"elementor-button elementor-button-link elementor-size-sm\" href=\"https:\/\/hrvatski-savate-savez.hr\/wp-content\/uploads\/2024\/12\/HSS_-_Statut_-_2020-1.pdf\" target=\"_blank\">\n\t\t\t\t\t\t<span class=\"elementor-button-content-wrapper\">\n\t\t\t\t\t\t\t\t\t<span class=\"elementor-button-text\">Statut Hrvatskog Savate Saveza<\/span>\n\t\t\t\t\t<\/span>\n\t\t\t\t\t<\/a>\n\t\t\t\t<\/div>\n\t\t\t\t\t\t\t\t<\/div>\n\t\t\t\t<\/div>\n\t\t\t\t<div class=\"elementor-element elementor-element-052c468 elementor-align-center elementor-widget elementor-widget-button\" data-id=\"052c468\" data-element_type=\"widget\" data-widget_type=\"button.default\">\n\t\t\t\t<div class=\"elementor-widget-container\">\n\t\t\t\t\t\t\t\t\t<div class=\"elementor-button-wrapper\">\n\t\t\t\t\t<a class=\"elementor-button elementor-button-link elementor-size-sm\" href=\"https:\/\/hrvatski-savate-savez.hr\/wp-content\/uploads\/2025\/03\/PRAVILNIK-Natjecanja-HSS-2024.pdf\" target=\"_blank\">\n\t\t\t\t\t\t<span class=\"elementor-button-content-wrapper\">\n\t\t\t\t\t\t\t\t\t<span class=\"elementor-button-text\">Pravilnik natjecanja Hrvatskog Savate Saveza<\/span>\n\t\t\t\t\t<\/span>\n\t\t\t\t\t<\/a>\n\t\t\t\t<\/div>\n\t\t\t\t\t\t\t\t<\/div>\n\t\t\t\t<\/div>\n\t\t\t\t<div class=\"elementor-element elementor-element-c780d68 elementor-align-center elementor-widget elementor-widget-button\" data-id=\"c780d68\" data-element_type=\"widget\" data-widget_type=\"button.default\">\n\t\t\t\t<div class=\"elementor-widget-container\">\n\t\t\t\t\t\t\t\t\t<div class=\"elementor-button-wrapper\">\n\t\t\t\t\t<a class=\"elementor-button elementor-button-link elementor-size-sm\" href=\"https:\/\/hrvatski-savate-savez.hr\/wp-content\/uploads\/2024\/12\/HSS_-Stegovni-pravilnik-2020-.pdf\" target=\"_blank\">\n\t\t\t\t\t\t<span class=\"elementor-button-content-wrapper\">\n\t\t\t\t\t\t\t\t\t<span class=\"elementor-button-text\">Stegovni pravilnik Hrvatskog Savate Saveza<\/span>\n\t\t\t\t\t<\/span>\n\t\t\t\t\t<\/a>\n\t\t\t\t<\/div>\n\t\t\t\t\t\t\t\t<\/div>\n\t\t\t\t<\/div>\n\t\t\t\t<div class=\"elementor-element elementor-element-65ba97f elementor-align-center elementor-widget elementor-widget-button\" data-id=\"65ba97f\" data-element_type=\"widget\" data-widget_type=\"button.default\">\n\t\t\t\t<div class=\"elementor-widget-container\">\n\t\t\t\t\t\t\t\t\t<div class=\"elementor-button-wrapper\">\n\t\t\t\t\t<a class=\"elementor-button elementor-button-link elementor-size-sm\" href=\"https:\/\/hrvatski-savate-savez.hr\/wp-content\/uploads\/2025\/11\/Pravilnik-Pravo-nastupa-stranih-sportasa.pdf\" target=\"_blank\">\n\t\t\t\t\t\t<span class=\"elementor-button-content-wrapper\">\n\t\t\t\t\t\t\t\t\t<span class=\"elementor-button-text\">Pravilnik-Pravo nastupa stranih sporta\u0161a<\/span>\n\t\t\t\t\t<\/span>\n\t\t\t\t\t<\/a>\n\t\t\t\t<\/div>\n\t\t\t\t\t\t\t\t<\/div>\n\t\t\t\t<\/div>\n\t\t\t\t<\/div>\n\t\t\t\t\t<\/div>\n\t\t\t\t<\/div>\n\t\t<div class=\"elementor-element elementor-element-bb71a14 e-flex e-con-boxed e-con e-parent\" data-id=\"bb71a14\" data-element_type=\"container\">\n\t\t\t\t\t<div class=\"e-con-inner\">\n\t\t\t\t<div class=\"elementor-element elementor-element-798c9f6 elementor-widget elementor-widget-heading\" data-id=\"798c9f6\" data-element_type=\"widget\" data-widget_type=\"heading.default\">\n\t\t\t\t<div class=\"elementor-widget-container\">\n\t\t\t\t\t<h2 class=\"elementor-heading-title elementor-size-default\">SPONZORI HRVATSKOG SAVATE SAVEZA:<\/h2>\t\t\t\t<\/div>\n\t\t\t\t<\/div>\n\t\t\t\t<div class=\"elementor-element elementor-element-e0ea7fa elementor-widget elementor-widget-image\" data-id=\"e0ea7fa\" data-element_type=\"widget\" data-widget_type=\"image.default\">\n\t\t\t\t<div class=\"elementor-widget-container\">\n\t\t\t\t\t\t\t\t\t\t\t\t\t\t\t\t<a href=\"https:\/\/www.pride.hr\/\">\n\t\t\t\t\t\t\t<img fetchpriority=\"high\" decoding=\"async\" width=\"345\" height=\"345\" src=\"https:\/\/hrvatski-savate-savez.hr\/wp-content\/uploads\/2025\/01\/0013401_pride_345.jpeg\" class=\"attachment-large size-large wp-image-416\" alt=\"\" srcset=\"https:\/\/hrvatski-savate-savez.hr\/wp-content\/uploads\/2025\/01\/0013401_pride_345.jpeg 345w, https:\/\/hrvatski-savate-savez.hr\/wp-content\/uploads\/2025\/01\/0013401_pride_345-300x300.jpeg 300w, https:\/\/hrvatski-savate-savez.hr\/wp-content\/uploads\/2025\/01\/0013401_pride_345-150x150.jpeg 150w\" sizes=\"(max-width: 345px) 100vw, 345px\" \/>\t\t\t\t\t\t\t\t<\/a>\n\t\t\t\t\t\t\t\t\t\t\t\t\t\t\t<\/div>\n\t\t\t\t<\/div>\n\t\t\t\t<div class=\"elementor-element elementor-element-c14b43a elementor-widget elementor-widget-image\" data-id=\"c14b43a\" data-element_type=\"widget\" data-widget_type=\"image.default\">\n\t\t\t\t<div class=\"elementor-widget-container\">\n\t\t\t\t\t\t\t\t\t\t\t\t\t\t\t\t<a href=\"https:\/\/www.prodent.hr\/\">\n\t\t\t\t\t\t\t<img decoding=\"async\" width=\"223\" height=\"126\" src=\"https:\/\/hrvatski-savate-savez.hr\/wp-content\/uploads\/2024\/12\/hss6-e1736803084712.jpg\" class=\"attachment-1536x1536 size-1536x1536 wp-image-14\" alt=\"\" \/>\t\t\t\t\t\t\t\t<\/a>\n\t\t\t\t\t\t\t\t\t\t\t\t\t\t\t<\/div>\n\t\t\t\t<\/div>\n\t\t\t\t\t<\/div>\n\t\t\t\t<\/div>\n\t\t<div class=\"elementor-element elementor-element-9e57723 e-flex e-con-boxed e-con e-parent\" data-id=\"9e57723\" data-element_type=\"container\">\n\t\t\t\t\t<div class=\"e-con-inner\">\n\t\t\t\t\t<\/div>\n\t\t\t\t<\/div>\n\t\t\t\t<\/div>\n\t\t","protected":false},"excerpt":{"rendered":"<p>Kalendar natjecanja Nakon kvalifikacija Svjetskog prvenstva koje je odr\u017eano od 02.-06.07.2025 u Bugarskoj, Plovdiv, na\u0161ih 6 reprezentativaca je izborilo finala\u00a0Svjetskog prvenstva.\u00a0 03.10.2025. u Splitu, odr\u017eana su finala Svjetskog prvenstva u [&hellip;]<\/p>\n","protected":false},"author":1,"featured_media":0,"parent":0,"menu_order":0,"comment_status":"closed","ping_status":"closed","template":"","meta":{"site-sidebar-layout":"no-sidebar","site-content-layout":"","ast-site-content-layout":"full-width-container","site-content-style":"default","site-sidebar-style":"default","ast-global-header-display":"","ast-banner-title-visibility":"","ast-main-header-display":"","ast-hfb-above-header-display":"","ast-hfb-below-header-display":"","ast-hfb-mobile-header-display":"","site-post-title":"disabled","ast-breadcrumbs-content":"","ast-featured-img":"disabled","footer-sml-layout":"","theme-transparent-header-meta":"","adv-header-id-meta":"","stick-header-meta":"","header-above-stick-meta":"","header-main-stick-meta":"","header-below-stick-meta":"","astra-migrate-meta-layouts":"default","ast-page-background-enabled":"default","ast-page-background-meta":{"desktop":{"background-color":"var(--ast-global-color-4)","background-image":"","background-repeat":"repeat","background-position":"center center","background-size":"auto","background-attachment":"scroll","background-type":"","background-media":"","overlay-type":"","overlay-color":"","overlay-opacity":"","overlay-gradient":""},"tablet":{"background-color":"","background-image":"","background-repeat":"repeat","background-position":"center center","background-size":"auto","background-attachment":"scroll","background-type":"","background-media":"","overlay-type":"","overlay-color":"","overlay-opacity":"","overlay-gradient":""},"mobile":{"background-color":"","background-image":"","background-repeat":"repeat","background-position":"center center","background-size":"auto","background-attachment":"scroll","background-type":"","background-media":"","overlay-type":"","overlay-color":"","overlay-opacity":"","overlay-gradient":""}},"ast-content-background-meta":{"desktop":{"background-color":"var(--ast-global-color-5)","background-image":"","background-repeat":"repeat","background-position":"center center","background-size":"auto","background-attachment":"scroll","background-type":"","background-media":"","overlay-type":"","overlay-color":"","overlay-opacity":"","overlay-gradient":""},"tablet":{"background-color":"var(--ast-global-color-5)","background-image":"","background-repeat":"repeat","background-position":"center center","background-size":"auto","background-attachment":"scroll","background-type":"","background-media":"","overlay-type":"","overlay-color":"","overlay-opacity":"","overlay-gradient":""},"mobile":{"background-color":"var(--ast-global-color-5)","background-image":"","background-repeat":"repeat","background-position":"center center","background-size":"auto","background-attachment":"scroll","background-type":"","background-media":"","overlay-type":"","overlay-color":"","overlay-opacity":"","overlay-gradient":""}},"footnotes":""},"class_list":["post-2","page","type-page","status-publish","hentry"],"_links":{"self":[{"href":"https:\/\/hrvatski-savate-savez.hr\/index.php?rest_route=\/wp\/v2\/pages\/2","targetHints":{"allow":["GET"]}}],"collection":[{"href":"https:\/\/hrvatski-savate-savez.hr\/index.php?rest_route=\/wp\/v2\/pages"}],"about":[{"href":"https:\/\/hrvatski-savate-savez.hr\/index.php?rest_route=\/wp\/v2\/types\/page"}],"author":[{"embeddable":true,"href":"https:\/\/hrvatski-savate-savez.hr\/index.php?rest_route=\/wp\/v2\/users\/1"}],"replies":[{"embeddable":true,"href":"https:\/\/hrvatski-savate-savez.hr\/index.php?rest_route=%2Fwp%2Fv2%2Fcomments&post=2"}],"version-history":[{"count":127,"href":"https:\/\/hrvatski-savate-savez.hr\/index.php?rest_route=\/wp\/v2\/pages\/2\/revisions"}],"predecessor-version":[{"id":708,"href":"https:\/\/hrvatski-savate-savez.hr\/index.php?rest_route=\/wp\/v2\/pages\/2\/revisions\/708"}],"wp:attachment":[{"href":"https:\/\/hrvatski-savate-savez.hr\/index.php?rest_route=%2Fwp%2Fv2%2Fmedia&parent=2"}],"curies":[{"name":"wp","href":"https:\/\/api.w.org\/{rel}","templated":true}]}}